{"id":25577,"date":"2024-10-16T13:02:07","date_gmt":"2024-10-16T11:02:07","guid":{"rendered":"https:\/\/zst.klodzko.pl\/zst\/?page_id=25577"},"modified":"2026-01-09T14:47:27","modified_gmt":"2026-01-09T13:47:27","slug":"rozwoj-techniczny-kierunkow-zawodowych-i-utworzenie-centrum-energii-odnawialnej-w-zespole-szkol-technicznych-w-klodzku","status":"publish","type":"page","link":"https:\/\/zst.klodzko.pl\/zst\/rozwoj-techniczny-kierunkow-zawodowych-i-utworzenie-centrum-energii-odnawialnej-w-zespole-szkol-technicznych-w-klodzku\/","title":{"rendered":"Rozw\u00f3j techniczny kierunk\u00f3w zawodowych i utworzenie Centrum Energii Odnawialnej w Zespole Szk\u00f3\u0142 Technicznych w K\u0142odzku"},"content":{"rendered":"\t\t<div data-elementor-type=\"wp-page\" data-elementor-id=\"25577\" class=\"elementor elementor-25577\">\n\t\t\t\t\t\t<section class=\"elementor-section elementor-top-section elementor-element elementor-element-e343fad elementor-reverse-mobile elementor-section-boxed elementor-section-height-default elementor-section-height-default\" data-id=\"e343fad\" data-element_type=\"section\" data-e-type=\"section\">\n\t\t\t\t\t\t<div class=\"elementor-container elementor-column-gap-default\">\n\t\t\t\t\t<div class=\"elementor-column elementor-col-100 elementor-top-column elementor-element elementor-element-61594f2b\" data-id=\"61594f2b\" data-element_type=\"column\" data-e-type=\"column\" data-settings=\"{&quot;background_background&quot;:&quot;classic&quot;}\">\n\t\t\t<div class=\"elementor-widget-wrap elementor-element-populated\">\n\t\t\t\t\t\t<div class=\"elementor-element elementor-element-f98aa60 elementor-widget elementor-widget-heading\" data-id=\"f98aa60\" data-element_type=\"widget\" data-e-type=\"widget\" data-widget_type=\"heading.default\">\n\t\t\t\t<div class=\"elementor-widget-container\">\n\t\t\t\t\t<h2 class=\"elementor-heading-title elementor-size-medium\">Projekt \u201eRozw\u00f3j techniczny kierunk\u00f3w zawodowych i utworzenie Centrum Energii Odnawialnej w Zespole Szk\u00f3\u0142 Technicznych w K\u0142odzku\u201d<\/h2>\t\t\t\t<\/div>\n\t\t\t\t<\/div>\n\t\t\t\t<div class=\"elementor-element elementor-element-ebc8fce elementor-widget elementor-widget-text-editor\" data-id=\"ebc8fce\" data-element_type=\"widget\" data-e-type=\"widget\" data-widget_type=\"text-editor.default\">\n\t\t\t\t<div class=\"elementor-widget-container\">\n\t\t\t\t\t\t\t\t\t<p style=\"text-align: center;\"><a href=\"https:\/\/zst.klodzko.pl\/zst\/wp-content\/uploads\/2026\/01\/Projekt_eu_2024b.pdf\" class=\"pdfemb-viewer\" style=\"\" data-width=\"max\" data-height=\"max\" data-toolbar=\"both\" data-toolbar-fixed=\"on\">Projekt_eu_2024b<\/a><\/p>\t\t\t\t\t\t\t\t<\/div>\n\t\t\t\t<\/div>\n\t\t\t\t<div class=\"elementor-element elementor-element-3f9e843d elementor-widget-divider--view-line elementor-widget elementor-widget-divider\" data-id=\"3f9e843d\" data-element_type=\"widget\" data-e-type=\"widget\" data-widget_type=\"divider.default\">\n\t\t\t\t<div class=\"elementor-widget-container\">\n\t\t\t\t\t\t\t<div class=\"elementor-divider\">\n\t\t\t<span class=\"elementor-divider-separator\">\n\t\t\t\t\t\t<\/span>\n\t\t<\/div>\n\t\t\t\t\t\t<\/div>\n\t\t\t\t<\/div>\n\t\t\t\t\t<\/div>\n\t\t<\/div>\n\t\t\t\t\t<\/div>\n\t\t<\/section>\n\t\t\t\t<section class=\"elementor-section elementor-top-section elementor-element elementor-element-9d1e476 elementor-section-boxed elementor-section-height-default elementor-section-height-default\" data-id=\"9d1e476\" data-element_type=\"section\" data-e-type=\"section\">\n\t\t\t\t\t\t<div class=\"elementor-container elementor-column-gap-default\">\n\t\t\t\t\t<div class=\"elementor-column elementor-col-100 elementor-top-column elementor-element elementor-element-0c20179\" data-id=\"0c20179\" data-element_type=\"column\" data-e-type=\"column\">\n\t\t\t<div class=\"elementor-widget-wrap elementor-element-populated\">\n\t\t\t\t\t\t<section class=\"elementor-section elementor-inner-section elementor-element elementor-element-7ce733d elementor-section-boxed elementor-section-height-default elementor-section-height-default\" data-id=\"7ce733d\" data-element_type=\"section\" data-e-type=\"section\">\n\t\t\t\t\t\t<div class=\"elementor-container elementor-column-gap-default\">\n\t\t\t\t\t<div class=\"elementor-column elementor-col-50 elementor-inner-column elementor-element elementor-element-3415144\" data-id=\"3415144\" data-element_type=\"column\" data-e-type=\"column\">\n\t\t\t<div class=\"elementor-widget-wrap\">\n\t\t\t\t\t\t\t<\/div>\n\t\t<\/div>\n\t\t\t\t<div class=\"elementor-column elementor-col-50 elementor-inner-column elementor-element elementor-element-5fb89f9\" data-id=\"5fb89f9\" data-element_type=\"column\" data-e-type=\"column\">\n\t\t\t<div class=\"elementor-widget-wrap\">\n\t\t\t\t\t\t\t<\/div>\n\t\t<\/div>\n\t\t\t\t\t<\/div>\n\t\t<\/section>\n\t\t\t\t\t<\/div>\n\t\t<\/div>\n\t\t\t\t\t<\/div>\n\t\t<\/section>\n\t\t\t\t<\/div>\n\t\t","protected":false},"excerpt":{"rendered":"<p>Projekt \u201eRozw\u00f3j techniczny kierunk\u00f3w zawodowych i utworzenie Centrum Energii Odnawialnej w Zespole Szk\u00f3\u0142 Technicznych w K\u0142odzku\u201d<\/p>\n","protected":false},"author":1,"featured_media":0,"parent":0,"menu_order":0,"comment_status":"closed","ping_status":"closed","template":"strona-moja1.php","meta":{"_mc_calendar":[],"footnotes":""},"class_list":["post-25577","page","type-page","status-publish","hentry"],"yoast_head":"<!-- This site is optimized with the Yoast SEO plugin v27.4 - https:\/\/yoast.com\/product\/yoast-seo-wordpress\/ -->\n<title>Rozw\u00f3j techniczny kierunk\u00f3w zawodowych i utworzenie Centrum Energii Odnawialnej w Zespole Szk\u00f3\u0142 Technicznych w K\u0142odzku &#8212; Zesp\u00f3\u0142 Szk\u00f3\u0142 Technicznych w K\u0142odzku<\/title>\n<meta name=\"robots\" content=\"index, follow, max-snippet:-1, max-image-preview:large, max-video-preview:-1\" \/>\n<link rel=\"canonical\" href=\"https:\/\/zst.klodzko.pl\/zst\/rozwoj-techniczny-kierunkow-zawodowych-i-utworzenie-centrum-energii-odnawialnej-w-zespole-szkol-technicznych-w-klodzku\/\" \/>\n<meta property=\"og:locale\" content=\"pl_PL\" \/>\n<meta property=\"og:type\" content=\"article\" \/>\n<meta property=\"og:title\" content=\"Rozw\u00f3j techniczny kierunk\u00f3w zawodowych i utworzenie Centrum Energii Odnawialnej w Zespole Szk\u00f3\u0142 Technicznych w K\u0142odzku &#8212; Zesp\u00f3\u0142 Szk\u00f3\u0142 Technicznych w K\u0142odzku\" \/>\n<meta property=\"og:description\" content=\"Projekt \u201eRozw\u00f3j techniczny kierunk\u00f3w zawodowych i utworzenie Centrum Energii Odnawialnej w Zespole Szk\u00f3\u0142 Technicznych w K\u0142odzku\u201d\" \/>\n<meta property=\"og:url\" content=\"https:\/\/zst.klodzko.pl\/zst\/rozwoj-techniczny-kierunkow-zawodowych-i-utworzenie-centrum-energii-odnawialnej-w-zespole-szkol-technicznych-w-klodzku\/\" \/>\n<meta property=\"og:site_name\" content=\"Zesp\u00f3\u0142 Szk\u00f3\u0142 Technicznych w K\u0142odzku\" \/>\n<meta property=\"article:publisher\" content=\"https:\/\/www.facebook.com\/zst.klodzko\" \/>\n<meta property=\"article:modified_time\" content=\"2026-01-09T13:47:27+00:00\" \/>\n<meta name=\"twitter:card\" content=\"summary_large_image\" \/>\n<meta name=\"twitter:site\" content=\"@Budowlanka_ZST\" \/>\n<script type=\"application\/ld+json\" class=\"yoast-schema-graph\">{\"@context\":\"https:\\\/\\\/schema.org\",\"@graph\":[{\"@type\":\"WebPage\",\"@id\":\"https:\\\/\\\/zst.klodzko.pl\\\/zst\\\/rozwoj-techniczny-kierunkow-zawodowych-i-utworzenie-centrum-energii-odnawialnej-w-zespole-szkol-technicznych-w-klodzku\\\/\",\"url\":\"https:\\\/\\\/zst.klodzko.pl\\\/zst\\\/rozwoj-techniczny-kierunkow-zawodowych-i-utworzenie-centrum-energii-odnawialnej-w-zespole-szkol-technicznych-w-klodzku\\\/\",\"name\":\"Rozw\u00f3j techniczny kierunk\u00f3w zawodowych i utworzenie Centrum Energii Odnawialnej w Zespole Szk\u00f3\u0142 Technicznych w K\u0142odzku &#8212; Zesp\u00f3\u0142 Szk\u00f3\u0142 Technicznych w K\u0142odzku\",\"isPartOf\":{\"@id\":\"https:\\\/\\\/zst.klodzko.pl\\\/zst\\\/#website\"},\"datePublished\":\"2024-10-16T11:02:07+00:00\",\"dateModified\":\"2026-01-09T13:47:27+00:00\",\"breadcrumb\":{\"@id\":\"https:\\\/\\\/zst.klodzko.pl\\\/zst\\\/rozwoj-techniczny-kierunkow-zawodowych-i-utworzenie-centrum-energii-odnawialnej-w-zespole-szkol-technicznych-w-klodzku\\\/#breadcrumb\"},\"inLanguage\":\"pl-PL\",\"potentialAction\":[{\"@type\":\"ReadAction\",\"target\":[\"https:\\\/\\\/zst.klodzko.pl\\\/zst\\\/rozwoj-techniczny-kierunkow-zawodowych-i-utworzenie-centrum-energii-odnawialnej-w-zespole-szkol-technicznych-w-klodzku\\\/\"]}]},{\"@type\":\"BreadcrumbList\",\"@id\":\"https:\\\/\\\/zst.klodzko.pl\\\/zst\\\/rozwoj-techniczny-kierunkow-zawodowych-i-utworzenie-centrum-energii-odnawialnej-w-zespole-szkol-technicznych-w-klodzku\\\/#breadcrumb\",\"itemListElement\":[{\"@type\":\"ListItem\",\"position\":1,\"name\":\"Strona g\u0142\u00f3wna\",\"item\":\"https:\\\/\\\/zst.klodzko.pl\\\/zst\\\/\"},{\"@type\":\"ListItem\",\"position\":2,\"name\":\"Rozw\u00f3j techniczny kierunk\u00f3w zawodowych i utworzenie Centrum Energii Odnawialnej w Zespole Szk\u00f3\u0142 Technicznych w K\u0142odzku\"}]},{\"@type\":\"WebSite\",\"@id\":\"https:\\\/\\\/zst.klodzko.pl\\\/zst\\\/#website\",\"url\":\"https:\\\/\\\/zst.klodzko.pl\\\/zst\\\/\",\"name\":\"Zesp\u00f3\u0142 Szk\u00f3\u0142 Technicznych w K\u0142odzku\",\"description\":\"Oficjalna strona ZST w K\u0142odzku (dawniej ZSP nr 1 w K\u0142odzku) - Budowlanka\",\"publisher\":{\"@id\":\"https:\\\/\\\/zst.klodzko.pl\\\/zst\\\/#organization\"},\"potentialAction\":[{\"@type\":\"SearchAction\",\"target\":{\"@type\":\"EntryPoint\",\"urlTemplate\":\"https:\\\/\\\/zst.klodzko.pl\\\/zst\\\/?s={search_term_string}\"},\"query-input\":{\"@type\":\"PropertyValueSpecification\",\"valueRequired\":true,\"valueName\":\"search_term_string\"}}],\"inLanguage\":\"pl-PL\"},{\"@type\":\"Organization\",\"@id\":\"https:\\\/\\\/zst.klodzko.pl\\\/zst\\\/#organization\",\"name\":\"Zesp\u00f3\u0142 Szk\u00f3\u0142 Technicznych w K\u0142odzku\",\"url\":\"https:\\\/\\\/zst.klodzko.pl\\\/zst\\\/\",\"logo\":{\"@type\":\"ImageObject\",\"inLanguage\":\"pl-PL\",\"@id\":\"https:\\\/\\\/zst.klodzko.pl\\\/zst\\\/#\\\/schema\\\/logo\\\/image\\\/\",\"url\":\"https:\\\/\\\/zst.klodzko.pl\\\/zst\\\/wp-content\\\/uploads\\\/2018\\\/05\\\/patron_bud.png\",\"contentUrl\":\"https:\\\/\\\/zst.klodzko.pl\\\/zst\\\/wp-content\\\/uploads\\\/2018\\\/05\\\/patron_bud.png\",\"width\":208,\"height\":205,\"caption\":\"Zesp\u00f3\u0142 Szk\u00f3\u0142 Technicznych w K\u0142odzku\"},\"image\":{\"@id\":\"https:\\\/\\\/zst.klodzko.pl\\\/zst\\\/#\\\/schema\\\/logo\\\/image\\\/\"},\"sameAs\":[\"https:\\\/\\\/www.facebook.com\\\/zst.klodzko\",\"https:\\\/\\\/x.com\\\/Budowlanka_ZST\",\"https:\\\/\\\/www.youtube.com\\\/channel\\\/UCueLhwUV3X9Ph8PMH7j4ugA\",\"https:\\\/\\\/pl.wikipedia.org\\\/wiki\\\/Zesp\u00f3\u0142_Szk\u00f3\u0142_Technicznych_w_K\u0142odzku\"]}]}<\/script>\n<!-- \/ Yoast SEO plugin. -->","yoast_head_json":{"title":"Rozw\u00f3j techniczny kierunk\u00f3w zawodowych i utworzenie Centrum Energii Odnawialnej w Zespole Szk\u00f3\u0142 Technicznych w K\u0142odzku &#8212; Zesp\u00f3\u0142 Szk\u00f3\u0142 Technicznych w K\u0142odzku","robots":{"index":"index","follow":"follow","max-snippet":"max-snippet:-1","max-image-preview":"max-image-preview:large","max-video-preview":"max-video-preview:-1"},"canonical":"https:\/\/zst.klodzko.pl\/zst\/rozwoj-techniczny-kierunkow-zawodowych-i-utworzenie-centrum-energii-odnawialnej-w-zespole-szkol-technicznych-w-klodzku\/","og_locale":"pl_PL","og_type":"article","og_title":"Rozw\u00f3j techniczny kierunk\u00f3w zawodowych i utworzenie Centrum Energii Odnawialnej w Zespole Szk\u00f3\u0142 Technicznych w K\u0142odzku &#8212; Zesp\u00f3\u0142 Szk\u00f3\u0142 Technicznych w K\u0142odzku","og_description":"Projekt \u201eRozw\u00f3j techniczny kierunk\u00f3w zawodowych i utworzenie Centrum Energii Odnawialnej w Zespole Szk\u00f3\u0142 Technicznych w K\u0142odzku\u201d","og_url":"https:\/\/zst.klodzko.pl\/zst\/rozwoj-techniczny-kierunkow-zawodowych-i-utworzenie-centrum-energii-odnawialnej-w-zespole-szkol-technicznych-w-klodzku\/","og_site_name":"Zesp\u00f3\u0142 Szk\u00f3\u0142 Technicznych w K\u0142odzku","article_publisher":"https:\/\/www.facebook.com\/zst.klodzko","article_modified_time":"2026-01-09T13:47:27+00:00","twitter_card":"summary_large_image","twitter_site":"@Budowlanka_ZST","schema":{"@context":"https:\/\/schema.org","@graph":[{"@type":"WebPage","@id":"https:\/\/zst.klodzko.pl\/zst\/rozwoj-techniczny-kierunkow-zawodowych-i-utworzenie-centrum-energii-odnawialnej-w-zespole-szkol-technicznych-w-klodzku\/","url":"https:\/\/zst.klodzko.pl\/zst\/rozwoj-techniczny-kierunkow-zawodowych-i-utworzenie-centrum-energii-odnawialnej-w-zespole-szkol-technicznych-w-klodzku\/","name":"Rozw\u00f3j techniczny kierunk\u00f3w zawodowych i utworzenie Centrum Energii Odnawialnej w Zespole Szk\u00f3\u0142 Technicznych w K\u0142odzku &#8212; Zesp\u00f3\u0142 Szk\u00f3\u0142 Technicznych w K\u0142odzku","isPartOf":{"@id":"https:\/\/zst.klodzko.pl\/zst\/#website"},"datePublished":"2024-10-16T11:02:07+00:00","dateModified":"2026-01-09T13:47:27+00:00","breadcrumb":{"@id":"https:\/\/zst.klodzko.pl\/zst\/rozwoj-techniczny-kierunkow-zawodowych-i-utworzenie-centrum-energii-odnawialnej-w-zespole-szkol-technicznych-w-klodzku\/#breadcrumb"},"inLanguage":"pl-PL","potentialAction":[{"@type":"ReadAction","target":["https:\/\/zst.klodzko.pl\/zst\/rozwoj-techniczny-kierunkow-zawodowych-i-utworzenie-centrum-energii-odnawialnej-w-zespole-szkol-technicznych-w-klodzku\/"]}]},{"@type":"BreadcrumbList","@id":"https:\/\/zst.klodzko.pl\/zst\/rozwoj-techniczny-kierunkow-zawodowych-i-utworzenie-centrum-energii-odnawialnej-w-zespole-szkol-technicznych-w-klodzku\/#breadcrumb","itemListElement":[{"@type":"ListItem","position":1,"name":"Strona g\u0142\u00f3wna","item":"https:\/\/zst.klodzko.pl\/zst\/"},{"@type":"ListItem","position":2,"name":"Rozw\u00f3j techniczny kierunk\u00f3w zawodowych i utworzenie Centrum Energii Odnawialnej w Zespole Szk\u00f3\u0142 Technicznych w K\u0142odzku"}]},{"@type":"WebSite","@id":"https:\/\/zst.klodzko.pl\/zst\/#website","url":"https:\/\/zst.klodzko.pl\/zst\/","name":"Zesp\u00f3\u0142 Szk\u00f3\u0142 Technicznych w K\u0142odzku","description":"Oficjalna strona ZST w K\u0142odzku (dawniej ZSP nr 1 w K\u0142odzku) - Budowlanka","publisher":{"@id":"https:\/\/zst.klodzko.pl\/zst\/#organization"},"potentialAction":[{"@type":"SearchAction","target":{"@type":"EntryPoint","urlTemplate":"https:\/\/zst.klodzko.pl\/zst\/?s={search_term_string}"},"query-input":{"@type":"PropertyValueSpecification","valueRequired":true,"valueName":"search_term_string"}}],"inLanguage":"pl-PL"},{"@type":"Organization","@id":"https:\/\/zst.klodzko.pl\/zst\/#organization","name":"Zesp\u00f3\u0142 Szk\u00f3\u0142 Technicznych w K\u0142odzku","url":"https:\/\/zst.klodzko.pl\/zst\/","logo":{"@type":"ImageObject","inLanguage":"pl-PL","@id":"https:\/\/zst.klodzko.pl\/zst\/#\/schema\/logo\/image\/","url":"https:\/\/zst.klodzko.pl\/zst\/wp-content\/uploads\/2018\/05\/patron_bud.png","contentUrl":"https:\/\/zst.klodzko.pl\/zst\/wp-content\/uploads\/2018\/05\/patron_bud.png","width":208,"height":205,"caption":"Zesp\u00f3\u0142 Szk\u00f3\u0142 Technicznych w K\u0142odzku"},"image":{"@id":"https:\/\/zst.klodzko.pl\/zst\/#\/schema\/logo\/image\/"},"sameAs":["https:\/\/www.facebook.com\/zst.klodzko","https:\/\/x.com\/Budowlanka_ZST","https:\/\/www.youtube.com\/channel\/UCueLhwUV3X9Ph8PMH7j4ugA","https:\/\/pl.wikipedia.org\/wiki\/Zesp\u00f3\u0142_Szk\u00f3\u0142_Technicznych_w_K\u0142odzku"]}]}},"_links":{"self":[{"href":"https:\/\/zst.klodzko.pl\/zst\/wp-json\/wp\/v2\/pages\/25577","targetHints":{"allow":["GET"]}}],"collection":[{"href":"https:\/\/zst.klodzko.pl\/zst\/wp-json\/wp\/v2\/pages"}],"about":[{"href":"https:\/\/zst.klodzko.pl\/zst\/wp-json\/wp\/v2\/types\/page"}],"author":[{"embeddable":true,"href":"https:\/\/zst.klodzko.pl\/zst\/wp-json\/wp\/v2\/users\/1"}],"replies":[{"embeddable":true,"href":"https:\/\/zst.klodzko.pl\/zst\/wp-json\/wp\/v2\/comments?post=25577"}],"version-history":[{"count":11,"href":"https:\/\/zst.klodzko.pl\/zst\/wp-json\/wp\/v2\/pages\/25577\/revisions"}],"predecessor-version":[{"id":29483,"href":"https:\/\/zst.klodzko.pl\/zst\/wp-json\/wp\/v2\/pages\/25577\/revisions\/29483"}],"wp:attachment":[{"href":"https:\/\/zst.klodzko.pl\/zst\/wp-json\/wp\/v2\/media?parent=25577"}],"curies":[{"name":"wp","href":"https:\/\/api.w.org\/{rel}","templated":true}]}}